factor of 1040 and 9692488.
104
Calculate the greatest common divisor of 182336 and 122988.
148
What is the greatest common divisor of 1824060 and 37668?
516
What is the highest common factor of 1203601352 and 2388?
796
Calculate the highest common divisor of 125628463 and 1583.
1583
What is the greatest common factor of 7967 and 1241147?
31
Calculate the greatest common factor of 1918 and 42470000.
274
What is the highest common factor of 1023705283 and 236?
59
What is the highest common divisor of 8 and 3025136?
8
What is the highest common factor of 7340854 and 2413?
127
What is the highest common divisor of 6417 and 54738405?
279
What is the greatest common divisor of 96 and 5192142?
6
Calculate the highest common factor of 945 and 60947110.
35
What is the greatest common factor of 6109844 and 8?
4
What is the highest common factor of 897 and 5967?
39
What is the greatest common factor of 3104447 and 52802?
1553
What is the greatest common divisor of 1369643 and 21978?
11
What is the greatest common factor of 13 and 8329529?
13
What is the greatest common factor of 1707006 and 70?
14
Calculate the greatest common factor of 758544 and 576.
48
What is the greatest common divisor of 1617 and 1204518?
147
Calculate the highest common factor of 7580 and 8251588.
1516
Calculate the greatest common divisor of 89648373 and 1209.
93
Calculate the greatest common divisor of 4997 and 3624403.
263
What is the highest common factor of 10050432 and 2464?
224
What is the greatest common divisor of 979 and 174141?
11
What is the highest common factor of 600 and 41143680?
120
Calculate the greatest common divisor of 29368866 and 238866.
5826
Calculate the highest common divisor of 2001328068 and 5178.
5178
Calculate the highest common divisor of 106201788 and 78540.
15708
What is the greatest common factor of 249482 and 11218?
158
What is the highest common divisor of 115 and 10755710?
5
What is the highest common divisor of 5973472560 and 66?
66
Calculate the highest common factor of 6889733 and 31117.
1073
Calculate the greatest common divisor of 319728275 and 1882.
941
What is the greatest common factor of 150713535 and 105?
105
Calculate the highest common divisor of 125602254 and 18.
18
Calculate the greatest common divisor of 172 and 62807090.
86
What is the greatest common factor of 285278 and 1225531?
2911
What is the highest common divisor of 66984 and 1793784?
24
What is the greatest common factor of 1311686 and 1394?
34
What is the greatest common divisor of 7332 and 864565?
611
Calculate the greatest common divisor of 116220 and 262470.
390
What is the greatest common divisor of 137512256 and 1120?
224
Calculate the highest common divisor of 2122959 and 25.
1
What is the greatest common factor of 1316 and 9983372?
28
Calculate the greatest common factor of 108136 and 17752.
56
What is the highest common divisor of 2565 and 68046030?
855
What is the highest common factor of 529 and 452801?
23
What is the greatest common divisor of 458793447 and 2373?
2373
Calculate the highest common factor of 7741292 and 5330.
1066
What is the highest common divisor of 155 and 193702601?
31
Calculate the highest common divisor of 48532 and 90277.
11
What is the greatest common factor of 78880 and 2445620?
340
Calculate the greatest common factor of 6060644 and 542.
542
What is the greatest common factor of 38 and 291032747?
19
What is the greatest common factor of 134304 and 2976?
96
Calculate the greatest common divisor of 48892440 and 6.
6
What is the highest common divisor of 2821 and 5312346?
403
Calculate the greatest common divisor of 808 and 43185277.
101
Calculate the greatest common divisor of 466613 and 17101.
2443
What is the greatest common divisor of 168766 and 6266?
26
What is the highest common factor of 3 and 2383693?
1
Calculate the highest common divisor of 70419942 and 2187.
729
What is the greatest common divisor of 264773817 and 54?
9
Calculate the greatest common factor of 43601389 and 15142.
7571
Calculate the highest common divisor of 14947522 and 160450.
6418
What is the highest common factor of 3971 and 789393?
209
Calculate the greatest common factor of 493047919 and 2566.
1283
Calculate the highest common divisor of 12960 and 82800.
720
Calculate the highest common factor of 60 and 958116495.
15
What is the highest common divisor of 264446 and 14833?
91
Calculate the highest common divisor of 476634943 and 47.
47
What is the greatest common factor of 207 and 216774747?
207
What is the highest common divisor of 1455 and 351431970?
1455
Calculate the highest common factor of 1652406426 and 15147.
5049
What is the greatest common factor of 469 and 6941602?
67
Calculate the greatest common factor of 272 and 2359508.
4
Calculate the greatest common divisor of 54720 and 6476720.
1520
What is the highest common divisor of 20502 and 36466626?
402
Calculate the greatest common divisor of 93894629 and 537.
179
What is the highest common divisor of 228978 and 306?
18
Calculate the greatest common divisor of 601 and 2154733447.
601
Calculate the highest common divisor of 13146220 and 60.
20
What is the highest common factor of 134672 and 659680?
304
What is the highest common factor of 101124590 and 1120?
70
Calculate the greatest common divisor of 100 and 22313050.
50
What is the highest common divisor of 7755 and 26803920?
165
Calculate the greatest common divisor of 26 and 2024140001.
13
What is the greatest common factor of 47520 and 66564630?
990
What is the highest common factor of 7629048 and 120?
24
Calculate the greatest common factor of 57572766 and 5394.
186
Calculate the highest common divisor of 623941 and 16321.
19
Calculate the highest common factor of 1017927 and 8673.
177
Calculate the highest common divisor of 2610403 and 18501.
881
Calculate the highest common factor of 17080 and 169946.
854
What is the greatest common factor of 61234 and 5298542?
3602
Calculate the highest common factor of 54995443 and 24655.
4931
Calculate the highest common factor of 671418474 and 1506.
1506
What is the highest common divisor of 5832 and 41323608?
1944
What is the highest common factor of 391763 and 567887?
1129
What is the greatest common divisor of 204 and 2205886?
34
Calculate the highest common divisor of 5248791 and 18.
9
Calculate the highest common factor of 36099 and 1155.
21
Calculate the greatest common factor of 11025 and 31038525.
1575
What is the highest common divisor of 143 and 1549482?
11
Calculate the highest common factor of 84177 and 348129.
423
Calculate the greatest common factor of 1219 and 367449.
53
What is the greatest common factor of 933 and 1242634088?
311
Calculate the greatest common divisor of 17940270 and 1740.
870
Calculate the highest common divisor of 4820012 and 5469.
1823
Calculate the highest common factor of 293 and 39907772.
293
What is the greatest common divisor of 234033 and 47784?
543
Calculate the highest common factor of 12536616 and 20808.
408
What is the greatest common factor of 152 and 52522840?
152
Calculate the greatest common factor of 88004 and 4816.
28
What is the greatest common factor of 5760 and 325357440?
1920
Calculate the highest common divisor of 36 and 76039326.
18
Calculate the highest common divisor of 25830 and 2635890.
1230
What is the highest common divisor of 332360 and 2408?
56
What is the highest common divisor of 18545250 and 7110?
2370
What is the greatest common divisor of 343056 and 5078454?
6126
Calculate the greatest common divisor of 1485744 and 1820.
52
Calculate the highest common factor of 12464556 and 312.
156
Calculate the highest common factor of 1364729452 and 292.
292
Calculate the highest common divisor of 23770784 and 9.
1
Calculate the greatest common divisor of 10619 and 5151937.
287
What is the greatest common factor of 1365 and 3853135?
65
What is the greatest common divisor of 111906 and 4878?
18
What is the highest common factor of 574 and 33469366?
574
What is the greatest common divisor of 6 and 206625966?
6
What is the highest common divisor of 15715 and 229439?
3143
What is the highest common divisor of 3036 and 893574?
66
Calculate the highest common factor of 63984 and 21307664.
496
Calculate the highest common divisor of 133870 and 5995